54 is divided by p.
10
Suppose 743 - 68 = 25*t. Calculate the remainder when 46 is divided by t.
19
Suppose -2806*d = -2808*d + 58. What is the remainder when 521 is divided by d?
28
Let t = 3053 + -2427. Calculate the remainder when t is divided by 63.
59
Let k = 1452 - 620. Calculate the remainder when k is divided by 17.
16
Suppose 19*c - 2394 = -76. Calculate the remainder when c is divided by 42.
38
Let m = 66 - 12. Let x = -11 - 12. Let y = x + 37. What is the remainder when m is divided by y?
12
Let x = -686 + 794. Calculate the remainder when 1401 is divided by x.
105
Suppose 0 = f + 9*a - 4*a - 140, -5*f - 3*a + 766 = 0. What is the remainder when f is divided by 52?
51
Suppose 0 = 2*g - 1831 + 1419. Calculate the remainder when g is divided by 9.
8
Let k = 247 + -127. Suppose -13*j + k = -5*j. Calculate the remainder when 24 is divided by j.
9
Suppose -3*m = 5*z - 1399 - 1935, z = 2*m - 2240. What is the remainder when m is divided by 28?
26
Let l(v) = v**3 + 7*v**2 - 15*v - 38. Calculate the remainder when 54 is divided by l(-8).
0
Let h(c) = c**3 + 11*c**2 - 8*c - 4. Let b(x) = x**2 - 44*x - 83. Calculate the remainder when h(-9) is divided by b(47).
56
Calculate the remainder when 27 is divided by (4 - 30/5) + 4 + 1.
0
Let g = -658 + 972. What is the remainder when g is divided by 35?
34
Let c(g) = g**3 - 9*g**2 + g - 4. Let z be c(9). Suppose -125 = -z*h - 0*h. What is the remainder when h is divided by 9?
7
Suppose 5*g - g - 12 = 0. Suppose -g*y = -2*y - 4*a - 19, 5*a + 20 = 0. What is the remainder when 17 is divided by y?
2
Let g = -2237 - -2260. Calculate the remainder when g is divided by ((-1)/3)/(5/(-45)).
2
Let c(o) = 54*o - 5*o - 9*o. What is the remainder when c(1) is divided by 11?
7
Suppose 157*f - 129 = 154*f. Calculate the remainder when 64 is divided by f.
21
Let a(w) = w**3 - w + 7. Let d = 8 - 2. What is the remainder when 10/d*(4 + 8) is divided by a(0)?
6
Let h(y) = 65*y**2 - y. What is the remainder when h(1) is divided by 21 + -24 + 27 - 2?
20
Suppose -3*g + 202 = k, 0 = -g - k - 2*k + 70. Calculate the remainder when g is divided by 258/15 - (-1)/(-5).
16
Let r(k) = 60*k**3 - 6*k + 6. Let a be r(1). Let z = -57 + a. What is the remainder when 18 is divided by z?
0
Suppose b = 4*b - 30. Suppose -81 = b*k - 381. Calculate the remainder when k is divided by 16.
14
Suppose i + 21 = 5*y, 4*i = -y - 3*y + 12. Let t be i + 24/(7 - 4). Let w(d) = -d**3 + 9*d**2 - 13*d + 8. What is the remainder when w(t) is divided by 6?
3
Let q = -41 - -41. Suppose -2*k + 0*k + 8 = 0. What is the remainder when 11 - 1 - (q - -3) is divided by k?
3
Let j = -27 - -50. Suppose 5*d = 4*n - 2*n - j, 2*n - 53 = -d. Let v = n + 26. What is the remainder when v is divided by 13?
11
Let q = 21 + -25. Let r = -1 - q. Suppose -r*y - 3*h + 24 = 0, -26 = y - 6*y + 2*h. What is the remainder when y is divided by 3?
0
Suppose -i - l - 14 = 3*l, -i = 3*l + 12. Let k = 6 - 10. Calculate the remainder when 24 is divided by (18/k)/(i/12).
6
Let b = 53 + -48. Suppose b*s - i + 27 = 460, 3*i - 421 = -5*s. What is the remainder when s is divided by 44?
42
What is the remainder when 154 is divided by ((-1517)/74)/(2/(-8))?
72
Let d(u) = u**3 - 2*u**2 + u + 94. What is the remainder when 181 is divided by d(0)?
87
Let l(f) = -f**3 + 2*f**2 + 1. Let c be l(3). Calculate the remainder when (-42)/c - 13/52 is divided by 4.
1
Let g(u) = -u - 10. Let r be g(-7). Let x = 1 - r. What is the remainder when 9 is divided by x?
1
Let f(u) = -2*u**2 + 6*u - 40. Let b(k) = -3*k**2 + 11*k - 80. Let p(h) = 3*b(h) - 5*f(h). Calculate the remainder when 41 is divided by p(6).
13
Suppose -11 = -4*c + 13. Let l = -7 + 30. What is the remainder when l is divided by c?
5
Let t = -596 + 673. Calculate the remainder when 1306 is divided by t.
74
Suppose 6*f = f + 90. Let i = -11 + f. Let a = -565 + 575. What is the remainder when a is divided by i?
3
Let k = 216 + -178. What is the remainder when 177 is divided by k?
25
Suppose -53*y + 483 = -206. What is the remainder when 19 is divided by y?
6
Let c = 1005 - 948. What is the remainder when c is divided by 37?
20
Let n = 1072 + -948. What is the remainder when n is divided by 73?
51
Suppose 0 = -5*o + 2*o, 2*o - 509 = -h. Calculate the remainder when h is divided by 6.
5
Let n = 47 - 17. Suppose n = c - 25. Calculate the remainder when c is divided by 28.
27
Suppose -r + 158 = 4*d + 47, 3*d - 93 = -4*r. Let h = -360 + 493. Calculate the remainder when h is divided by d.
25
Calculate the remainder when 692/((-8)/(-3) + (-2)/3) is divided by 113.
7
What is the remainder when 36 is divided by -2*(-4)/((-24)/(-33))?
3
Let m = 561 + -426. What is the remainder when m is divided by 19?
2
Calculate the remainder when (-2188)/(-8) + 60/(-40) is divided by 90.
2
Calculate the remainder when 82 is divided by 39 - 5/5*-3.
40
Let g(l) = 268*l**2 + 1. What is the remainder when g(1) is divided by 34?
31
Let s = -28 - -32. Suppose 3*y - 9 = 0, -s*v - 3*y = -26 - 3. Suppose 0*w + 3*w - 14 = z, -v*z = -w - 14. What is the remainder when w is divided by 4?
2
Let d(o) = 3 - 22 + 7*o - 8*o. Let y(m) = 2*m + 20. Let t(i) = 6*d(i) + 5*y(i). What is the remainder when 41 is divided by t(7)?
13
Let g(v) = -v**3 - 6*v**2 - 7*v - 3. Let k be (-9)/(-6)*(-8)/(-3). Suppose -k*t + 17 - 1 = 0. What is the remainder when g(-5) is divided by t?
3
Let s = 214 - 80. Let d = s - 121. Suppose h + 4*k = 13 + 4, -5*h = 3*k - 170. What is the remainder when h is divided by d?
11
Let t = 76 - 37. Let m = -27 + t. Suppose -32 = -4*l + m. Calculate the remainder when 21 is divided by l.
10
Calculate the remainder when 99 is divided by 5 - 189/(-14)*2.
3
Let k(w) = -w**2 + 10*w - 2. Let y be k(8). What is the remainder when (-14)/5*(-105)/y is divided by 3?
0
Suppose -11 = -4*n + 101. Suppose -5*g + g - z = -35, n = 3*g - z. What is the remainder when g is divided by 19/((-266)/(-84))*(-1)/(-3)?
1
Let d = 2114 + -2100. Calculate the remainder when 111 is divided by d.
13
Suppose -347*u + 351*u - 156 = 0. What is the remainder when 225 is divided by u?
30
Suppose -828*n - 48 = -829*n. What is the remainder when n is divided by 28?
20
Let a = -15 + 16. Let j be ((-4)/(-5))/(a/5). Suppose 0 = -x - j*n + 1 + 18, -15 = -3*x + 2*n. Calculate the remainder when 34 is divided by x.
6
Suppose 5*p - 290 = -6*y + y, 3*p - 192 = 3*y. Suppose 4*z - p = 7. What is the remainder when z is divided by 9?
8
Suppose -l - l - n = -9, 22 = 5*l + 3*n. Let t = l + 5. Calculate the remainder when t is divided by 4.
2
Let j(g) = 5*g - 12. Suppose 3*t - 18 = -4*s, 0 = 5*t + s - 29 - 18. Let w(d) = -d + 2. What is the remainder when j(t) is divided by w(-8)?
8
Suppose -38*i = -139*i + 19998. Calculate the remainder when i is divided by 9.
0
Let i be 2/4*(-64)/(-4). Suppose -5*r = b - 4, 4*b + 2*r - 16 = 3*r. What is the remainder when 20/2*12/i is divided by b?
3
Suppose 4 = -2*f, -9*f = -4*m - 11*f + 68. Calculate the remainder when 77 is divided by m.
5
Let c = -6 - -9. Let m be -2 + c + (-3 - 3). Let d = m + 10. Calculate the remainder when 19 is divided by d.
4
Suppose 3*x - 3*k = -62 + 191, x + 2*k = 46. What is the remainder when 157 is divided by x?
25
Let d(f) = f**2 - 2*f + 4 + f + 0. Let s(y) = -y**3 - 2*y**2 + 4*y - 1. Let q be s(-3). What is the remainder when 45 is divided by d(q)?
21
Suppose w - 4*j = -4 + 7, 0 = -4*w + 4*j + 24. Let s(v) = v**2 - 3*v - 9. What is the remainder when s(10) is divided by w?
5
Suppose -7*j + 0*j + 21 = 0. Suppose j*t = 34 + 23. Suppose -8*q + 3*q = -175. Calculate the remainder when q is divided by t.
16
Let j be 860/15*3/1. Suppose -2*b + j = 2*b. Calculate the remainder when b is divided by 23.
20
Let f(m) = -m**2 - 3*m + 9. Let q = -10 + 7. Let h(r) = -r**2 + 4*r + 3. What is the remainder when f(q) is divided by h(4)?
0
Suppose 13*v = 14*v + 15. Let h be 1/3 - 475/v. Let d = 59 - h. Calculate the remainder when d is divided by 10.
7
Suppose 0*h - 2*h + 10 = 0. Suppose 0 = 4*f - h*v - 682, -4*f + 514 = -f - 5*v. Suppose 0 = -3*m - 51 + f. Calculate the remainder when m is divided by 10.
9
Let j = 376 + -355. What is the remainder when 545 is divided by j?
20
Let o(y) = 7*y + 262. Calculate the remainder when o(-34) is divided by 2.
0
Let p = 0